3 + -2).
0
What is the value of -8 - (1 + (-5 - (9 - 3)))?
2
What is -32 - (-9 - (-14 - -2 - -10))?
-25
Evaluate -19 + (2 - 2) - -6 - -9.
-4
What is the value of -4 + -2 + 20 + (-1 - -7)?
20
Calculate (-5 - ((2 - 1) + 0 - -6)) + 2.
-10
Calculate -5 - (14 + (-37 - -14)).
4
Calculate 12 + 4 + -1 - 26 - 5.
-16
-17 - (-15 + 28 + 5)
-35
Calculate -5 + (-9 - 3 - (-78 + 40)).
21
What is -7 - (-30 - (28 + -38))?
13
What is the value of 11 - (1 + 14) - ((0 - 1) + 2)?
-5
What is the value of 4 - (1 - ((-5 - 12) + 6 + 3))?
-5
Evaluate -33 + (-26 - -16 - -28).
-15
(8 - 0) + -18 + 6
-4
Calculate -5 - ((0 - 13) + 14).
-6
Calculate 4 + -2 + -6 + 1 - 5.
-8
Evaluate (64 - 48) + 0 + (-3 - -2).
15
What is -10 - (15 + -6 - -5 - 31)?
7
Calculate (8 + 0 - 4) + 1 - (-37 + 28).
14
Calculate -47 - (15 + (-26 - 18)).
-18
Calculate -5 + (6 - (15 - (-5 + 16))).
-3
What is 7 - -2 - (-20 + (16 - 2) + -6)?
21
-8 + (-59 - -48) + (1 - -10)
-8
What is -30 + 32 + -17 + 1 + 0?
-14
Evaluate 2 + 5 + 20 + (-32 - 7).
-12
-1 - (-12 + 9 + -2) - -6
10
What is the value of 0 + (-10 - (-7 + -8 + 7))?
-2
Evaluate 2 - (23 + (-5 - 0) + 7).
-23
What is the value of -4 - (-1 - (-9 + 1 - -4))?
-7
What is the value of 3 + -10 + 3 + 21 + (-96 - -86)?
7
Calculate (1 - (-13 - -9)) + 6.
11
Evaluate -11 + 2 + (84 - 71).
4
Evaluate (57 - 64) + (1 - 3) + -4.
-13
Calculate (-11 + 1 - (165 + -185)) + (1 - -7).
18
Calculate (0 + 14 - 17) + 9.
6
What is the value of 9 - (-3 + 6 - -10 - 9)?
5
What is the value of -2 - (14 + -1) - -4 - -1?
-10
Calculate 11 + -5 + -10 + 5.
1
Evaluate -1 + -8 + 1 + 1 - -1.
-6
Evaluate -7 + -5 + 8 + 3 + (7 - 2).
4
What is the value of 14 + -4 + -2 + 83 + -128?
-37
What is the value of 0 - (4 + 8) - -11 - (1 + -1)?
-1
What is -4 + 8 - (9 - -16)?
-21
Evaluate -7 - (-10 + -9 + 13 + 8).
-9
Evaluate -109 + 108 + -2 + -1.
-4
What is the value of 10 + -14 + 1 + 4 + 2 + -10?
-7
6 + 0 + 1 + (22 - 54 - -27)
2
Evaluate (21 - 20) + (-12 - -13).
2
Calculate -6 + 3 + -17 + 14 - -31.
25
What is (2 - -7) + (-21 - -9)?
-3
What is -9 + -17 + 6 + (-4 - 3) + 5?
-22
Evaluate 4 + (0 - 5 - (-22 + 7)).
14
Calculate (5 - (2 - -1 - -4)) + 2.
0
Evaluate 11 - (-3 + 5 - (4 + -11 - -10)).
12
16 + -18 + 28 + -8
18
Calculate -293 - -315 - (-2 + -6 + 2).
28
7 - ((15 - 10) + -5 + 5)
2
Evaluate (-14 - -2) + (-1 - -20).
7
Evaluate (-31 - -40) + (7 - 28).
-12
-3 - (-8 - 0 - (14 + -31 - -1))
-11
Calculate 5 + -4 + 1 - (0 + 7).
-5
Evaluate (1 - 7 - 0) + (-279 - -282) - -2.
-1
8 + (2 + -16 - -5) + 3 - -2
4
Calculate -13 + 8 + 9 + -2.
2
Evaluate -8 + -10 - 15 - -27.
-6
Evaluate (-2 - (-4 - (-10 + 1) - 10)) + -16.
-13
What is 108 + -165 + 61 - (24 + -2 + 1)?
-19
Calculate (-2 + 8 - 12) + 10 - 6 - -9.
7
What is 1 + -12 + -313 + 310?
-14
Evaluate (-2 - 4) + 1 + (0 - -20) + -1.
14
Evaluate (-28 - (22 - 49)) + (12 - (1 + -2)).
12
What is 5 + (1 - 7) + (20 - 29 - -36)?
26
Evaluate 27 + -13 - -5 - 3.
16
-6 - ((13 - 15) + -2 + 0) - 10
-12
Calculate -7 - 29 - -8 - -28.
0
What is the value of (-6 - -3) + 8 + (-1 - 3 - -10)?
11
What is the value of -3 - (2 - (-5 + 4)) - -2?
-4
What is the value of 27 - (17 - 8) - -6?
24
Calculate 0 + (28 - (-5 + 22)) + -3 + 0.
8
What is the value of 14 + -18 + 4 + 13?
13
Evaluate -2 + 7 + 14 + -22.
-3
(-6 - ((5 - 2) + -6)) + -2
-5
(-26 - -11) + -51 + 80
14
Calculate -8 - (-15 - (21 - 37)).
-9
What is 1 + -9 + (12 - (3 - -4))?
-3
(6 - (-3 - -9)) + 6 - (5 + 1)
0
Calculate -21 + (15 - 22) + 11.
-17
What is (2 - 9) + 0 + 0?
-7
Evaluate -11 + (-13 - (-11 - 20)).
7
Calculate -173 + 180 + (-1 - 25).
-19
Evaluate (-2 - 0) + -2 - (17 - 39).
18
What is (-2 - (-4 + -2)) + -1 + (-1 - 10)?
-8
What is -13 + -5 - (1 + -9)?
-10
What is the value of (19 - (39 - 38)) + -26?
-8
Calculate -7 + (3 + (-1 - -3) + -2 - 9).
-13
14 + (5 - 12) + -2
5
What is the value of -7 - (-39 - (-18 + 18 + (2 - 6)))?
28
What is -4 + (7 - (16 + (7 - 0 - 16)))?
-4
What is 8 + -3 + (-23 - (-2 - 0)) - -7?
-9
Calculate -9 + (-88 + 99 - (11 + -1)).
-8
(-19 - -2 - -26) + 7
16
-18 + (-26 - -32) - -7
-5
Calculate -3 + (-2 - 2 - -10) - 6.
-3
Evaluate -16 + 2 - (-29 - -19) - -7.
3
What is 6 + (6 - 5 - 6) - (-5 - -29)?
-23
Calculate (10 - 6) + -4 - (-6 + 11) - 6.
-11
Calculate 48 - 53 - ((-8 - -27) + -5).
-19
What is the value of -115 - -127 - (-7 + -1)?
20
What is the value of -6 - (7 + (3 - 19) + 1 - 2)?
4
What is the value of 6 - (-98 - -88 - (-2 + 1))?
15
What is the value of (-14 - 11) + -7 - (-10 + -2)?
-20
-5 + 19 + (-3 - -1 - (2 - 1))
11
What is the value of 2 - (-2 - 3 - (-55 - -57))?
9
20 - 6 - (39 + -32) - -9
16
Evaluate 0 - (1 + 1) - (69 + -10 - 60).
-1
What is 13 + (-19 - -14) - 24?
-16
Evaluate -1 - (5 - (3 - (1 - 1) - 3)).
-6
0 + 26 - (-57 + 52) - (-1 + 3)
29
What is 10 - ((6 - 1) + (-73 - -72))?
6
What is 7 - (4 + 4 + (5 + 8 - -1))?
-15
Calculate 3 - (17 + -19 - (-1 + -3)).
1
(-18 - 22 - -84) + -25
19
What is the value of 0 + -4 + 6 - (-39 - (6 - 22))?
25
What is the value of 5 + (6 - (5 + 0)) + -8 + 12?
10
Calculate (21 - 2) + 26 + -36.
9
Calculate -34 + -7 + -95 + 125.
-11
What is the value of 7 + 2 - (-18 - -17)?
10
-34 + (9 + 25 - 21)
-21
Evaluate -12 + 38 + (7 - (7 + 7)).
19
Evaluate -3 + -5 + (7 - (2 - (1 + -3))).
-5
What is (6 - -8) + (-4 - 9)?
1
Calculate -30 + 32 + (6 - 7) + (-1 - -31).
31
Calculate 13 + -20 + 9 + -2 + -2.
-2
Evaluate -2 + 1 + -3 + -14.
-18
-3 + 26 + (-7 - 20)
-4
What is the value of -5 - (-9 - (26 + (2 - 14)))?
18
-9 - (13 + (18 - 30)) - (-1 - -9)
-18
Evaluate -712 - -724 - (-15 + -1).
28
3 + (3 - ((3 - 1) + 6))
-2
What is the value of (2 - 13) + 11 - (0 - -4)?
-4
Evaluate -6 - (20 + -8 + -20).
2
Calculate (-29 + 32 - (5 + -6)) + -26.
-22
What is the value of -18 + (16 - (-21 + 10 + 16))?
-7
What is -139 + 118 + (7 - -1)?
-13
What is (-2 - -1) + 1 + 19 - (-8249 - -8241)?
27
What is 1 - (-2 - (-6 + -4)) - (7 + -1)?
-13
28 + -5 - -4 - (4 + (23 - 21))
21
Calculate (-58 - -26) + 18 + 15.
1
What is -17 + (6 - -4 - -7)?
0
(86 - 94) + (1 - 0)
-7
Evaluate (13 + -17 + 22 - 16) + 22.
24
What is the value of 14 + -21 - -11 - (18 + (1 - 4))?
-11
Calculate (13 - (0 - -1)) + 106 + -104 - 1.
13
What is the value of -7 - (-24 + 12) - (-8 + 29)?
-16
What is 0 + 3 + 2 - ((1 - -4) + 6)?
-6
What is the value of 17 - -1 - ((9 - (30 - 9)) + 9)?
21
Evaluate 31 + (-57 - -21) - (27 + -1).
-31
-6 + 15 + -11 - (1 + 9)
-12
Calculate (-13 - (-12 - -8)) + -5.
-14
What is the value of -4 + -1 + 4 + (24 - 27)?
-4
What is the value of -18 - (-47 + -10 + -4) - 20?
23
Calculate 2 + -5 + -74 + 68.
-9
Evaluate 4 - (5 + (-8 - -4) - (8 + -1)).
10
What is (8 - 38) + (5 - -12)?
-13
29 + (21 - 44) + 4 + 0 + 1
11
-10 + -16 + 27 + 2
3
Calculate (19 + -6 - 7) + (5 + -19 - 2).
-10
What is 16 - (-22 + -2 - -40)?
0
Calculate -20 - (-7 - (-6 - -10)).
-9
What is the value of 25 - (-18 - -39) - (1 - -16)?
-13
What is 29 - 2 - (88 - 84)?
23
Calculate -21 + 1 + -471 + 513.
22
-31 - -47 - (25 - (-7 + 10))
-6
Evaluate 1 + (9 - 12) - (-1 + -4 - -18).
-15
What is (-29 - -3) + 73 + -59?
-12
Calculate 13 + (-38 - -27) - 30.
-28
What is the value of -2 + -27 + (17 - -13)?
1
2 + (-2 - -2) - -18 - (-666 + 667)
19
Evaluate -35 - 20 - -50 - (9 - 0 - 0).
-14
What is 15 - 5 - 3 - (-12 - -22) - -23?
20
Calculate 179 + -204 - (6 + (-18 - 4)).
-9
What is the value of -66 + 51 - (-10 - -7)?
-12
What is -16 + 22 + -7 - -9?
8
What is 2 - 1 - 6 - (-14 - -31 - 10)?
-12
Calculate (66 - 69) + (-3 - (-3 + -1)) + -5.
-7
Evaluate 10 + (0 - 7 - (12 - (23 - 11))).
3
Evaluate -39 - (-7 + (9 - (-13 - -30))).
-24
Calculate -7 - (-26 + 5) - (8 + 5).
1
Evaluate (-25 - -25) + 6 + 0.
6
-5 - -1 - (0 + -10 + -15 + 7)
14
What is the value of -9 + 1 + (6 - 6 - -2)?
-6
What is 42 - (15 - ((-18 - -23) + -7))?
25
0 - (-5 + 0) - (19 - (16 + 10))
12
What is -142 - -137 - (6 + 0 - (-2 - -1))?
-12
Calculate -6 + -2 + 1 + (-11 - (4 + -7)).
-15
What is the value of (-6 - 2) + (1 - 19) + 10?
-16
What is the value of -6 + -2 - (6 + 2)?
-16
-2 + -5 - (88 + -119)
24
Evaluate 9 - (-9 + 3 - -9) - 9.
-3
What is the value of -32 + (3 - 34 - -42)?
-21
-1 - 0 - (-5 + -17 + 9)
12
3 + -3 + (-4 - (-16 - (-4 + 0)))
8
Evaluate (1 - -17) + (23 - (27 - -7)).
7
What is the value of -3 + 16 + -2 + (-1 - (0 + 3))?
7
-2 - (-12 + (2 - -4) + 0) - -1
5
-28 + (0 - -19 - 0)
-9
-9 + 25 + 5 + (7 - 10)
18
(-3 - -9 - -4) + -2